-8, 3*z - 2*q = 1. Determine a(z).
8
Let b(p) = 1. Let m(f) = 2*f - 10. Let k(l) = 8*b(l) + m(l). Let s(j) be the first derivative of j**2 + 51*j - 114. Let t be s(-23). Determine k(t).
8
Let f(u) = -u + 9. Suppose 360 = 34*i - 208 + 194. Give f(i).
-2
Let x(i) = 3791*i**3 - 18*i**2 - 8*i + 0 - 3793*i**3 - 14 - 7. What is x(-9)?
51
Let b(c) = -3*c + 9*c - 5*c + 5 + 4*c - c**2. Suppose -y + o - 14 = 0, 2*y + 0*y + o + 40 = 0. Let s be (-8)/16 - y/4. What is b(s)?
9
Let r(q) be the third derivative of q**4/8 + q**3/6 - 29*q**2. Let n be (143/286)/((-2)/4). Determine r(n).
-2
Let i(f) = 2*f**2 + f + 3. Let z(w) = -11*w**2 + 16*w - 5. Let q(s) = -8*i(s) - z(s). Calculate q(-3).
8
Let s = 19 + -21. Let l(a) = 5*a + 1159 - 573 - 577. Give l(s).
-1
Let z(q) be the second derivative of q**4/12 - 7*q**3/6 - 2*q**2 - 2*q + 65. Suppose 0*k - t = -3*k + 49, 15 = 3*t. Suppose 3*j - k = -0*j. Give z(j).
-10
Let r(p) = 94*p - 160*p + 58*p - 103. Calculate r(-10).
-23
Let y(q) = -638*q + 10845. Let b be y(17). Let o(c) = -78*c - 70. What is o(b)?
8
Let q be (-3)/(-9) - 350/42. Let z(t) = -3*t**2 - 7*t + 20. Let j(k) = -k**2 - 2*k + 6. Let g(s) = q*j(s) + 3*z(s). Give g(-6).
6
Let l(g) be the second derivative of 11*g**3/6 + 67*g**2/2 + 5740*g - 2. What is l(0)?
67
Suppose -6 - 6 = -4*l. Let q(y) = -2*y - 2. Let h be q(l). Let p(w) = -41*w - 154. Let f(t) = 13*t + 49. Let u(m) = 19*f(m) + 6*p(m). What is u(h)?
-1
Suppose -8*f = -6*f + 6, 4*f = -4*d - 8. Suppose -12 = -4*w, 3*z + w = 4 - d. Let m(k) = 1. Let c(y) = -y - 6. Let s(t) = c(t) + 5*m(t). Determine s(z).
-1
Let d(z) be the third derivative of 0 + 4/3*z**3 + 1/60*z**5 + 5/12*z**4 + 0*z + 166*z**2. Determine d(-8).
-8
Let f(a) = -a**3 - 8*a**2 - 8*a - 5. Let d(z) = -2*z**3 - 29*z**2 - 11*z - 55. Let l be d(-13). Let p = 412 + l. Calculate f(p).
2
Let o(x) = -5*x**2 + 3*x + 2. Let r(a) = -a**2 + 2*a + 4 - 7 + 4. Let y(v) = -o(v) + 4*r(v). Suppose -6 = -2*i + 4*i. What is y(i)?
-4
Let r(x) = -4*x + 19. Let z(c) = 7*c - 37. Let l(b) = 11*r(b) + 6*z(b). Suppose -13*o - o - 280 = 14*o. Determine l(o).
7
Let k(l) = l**3 + 2*l**2 - 1. Let t(z) = 22*z**2 - 2*z - 2. Let j be t(-1). Suppose 5*r + 27 = j. What is k(r)?
0
Let r(s) be the third derivative of 0 + 0*s - 1/12*s**4 - 165*s**2 + s**3. Calculate r(4).
-2
Let q(y) = y - 1. Suppose -6 + 1 = 5*m. Let t be ((-24)/(-30))/(14/(-105)). Let l(a) = -5*a + 15. Let d(o) = m*l(o) + t*q(o). What is d(-5)?
-4
Let y = -15934 - -15939. Let m(s) = 4*s - 3. Let l(b) = b + 1. Let k(n) = -5*l(n) + m(n). Calculate k(y).
-13
Suppose -34 = -u - 13. Suppose 0*v - 60 = -5*v. Suppose v*a = 9*a - u. Let w(q) = -q**3 - 6*q**2 + 5*q - 10. Give w(a).
4
Let x(k) = -22*k**2 - 14*k - 104. Let d(z) = 19*z**2 + 15*z + 102. Let j(u) = -7*d(u) - 6*x(u). Determine j(-8).
14
Let h(r) = 3*r**3 + 4*r**2 + 3*r + 1. Let t = 262 - 186. Let g(u) = -t*u - u**3 - 7 + 67*u + 5 - 10*u**2. Let a be g(-9). Calculate h(a).
-13
Let q(v) be the second derivative of -v**7/2520 + v**6/720 + 9*v**5/40 - v**4/4 - 21*v**2 - v + 8. Let y(k) be the third derivative of q(k). Give y(0).
27
Let t(f) be the second derivative of f**4/4 + 17*f**3/6 + 13*f**2/2 + 1653*f. What is t(-4)?
-7
Let y be 1/((-2 - 1)/(-9)). Let m(h) be the third derivative of -2/3*h**3 - 82*h**2 + 0*h + 1/8*h**4 - 1/12*h**5 + 0 + 1/120*h**6. Determine m(y).
-13
Let x be ((-1)/(-1))/(1/3*-1). Let z = 9 + 4. Let r(a) = 4*a**2 + z*a + a**3 - 1 - 9*a + 0*a**3. Give r(x).
-4
Let q be ((-5)/4)/((-6)/72). Suppose 5*z + 5 + q = 0. Let w(g) = -1241*g - 1 - 1244*g + 2487*g. What is w(z)?
-9
Let y(a) = 0*a**2 - 4*a + 2*a**2 - 21 - a. Let c(w) = -2*w**2 + 4*w + 20. Let p(k) = 6*c(k) + 5*y(k). Let x(f) be the first derivative of p(f). What is x(-1)?
3
Let u = 48 + -48. Suppose 20*x - 25*x - 35 = u. Let a(k) = 0*k + 78 - k - 85. Calculate a(x).
0
Let f(j) = -j**2 - 10*j + 1. Let a(b) = 194*b + 1347. Let p be a(-7). What is f(p)?
-10
Let x(l) = -2*l**2 + 5*l + 54. Let f(m) = m**2 - 4*m - 27. Let y(z) = 5*f(z) + 2*x(z). Determine y(13).
12
Let h(j) = j**2 + j - 1. Let d be (26*3/(-6))/(-1). Let b be 67/d - (-10)/(-65). Suppose 3*z = -b - 4. Calculate h(z).
5
Let z be (9/(-12)*-2)/(3/4). Suppose 2*y = 2*u + z, 0*y - y + 7 = -3*u. Let k(m) = 215 + 2*m + 6*m**3 - 5*m**3 - 213 + 3*m**2. What is k(u)?
-4
Let p be (14/(-4) - -2)*-2. Suppose 136 = 2*s - 3*n, s - 47 - 16 = -n. Let k(l) = 1 + 32*l + 25*l - s*l + 2. What is k(p)?
-21
Let d(l) = -1. Let s(h) = -h**2 + 2*h - 74. Let g(k) = 3*d(k) + s(k). Let u(v) be the first derivative of g(v). What is u(-2)?
6
Suppose -16*t + 241 = 321. Let m(g) = g**3 + 4*g**2 + g + 1. Determine m(t).
-29
Let r(b) = -2*b**2 + 6*b + 5. Suppose -2*s = -14 + 8. Let j(h) = -3*h**2 - s*h**2 + 6*h**2 - 14 + 5*h**2 - 18*h. Let u(a) = -3*j(a) - 8*r(a). Give u(-4).
-6
Let d = 104 + -99. Suppose d*m - 30 = 5*q, -3*m = -0 - 3. Let t(c) = -2*c - 3. Determine t(q).
7
Let u(v) = v**3 - 4*v**2 - 6*v + 14. Let w(g) be the first derivative of -g**2/2 - 2*g + 15. Let z(n) = u(n) + 2*w(n). Determine z(5).
-5
Let n be 12 + (5 - 20/4). Let v be n/(-18)*(-54)/12. Let f(h) be the third derivative of -h**4/12 + h**3/2 + h**2. Calculate f(v).
-3
Let j(p) = p**3 + 12*p**2 + 11*p + 7. Let h = 66 + -30. Suppose 14 = 5*v - 3*g - h, -5*g - 20 = -2*v. Let r = -21 + v. Determine j(r).
7
Let r be 4/6 - 4/(-3). Let z(y) = -24 + 5*y**3 - 7*y**2 + 17 - 4*y**3 + r*y. Let o be 7/(-3)*(12 - 15) + 0. Determine z(o).
7
Let o(s) = -7*s - 2. Let j be ((-54)/(-8) + 2)*(-10 + 2). Let u = j - -70. Suppose u*w = w - 3. Give o(w).
-23
Suppose -4786 = -114*q - 5128. Let i(a) = a - 7. Let t be i(7). Let u(r) = 1 + t + r + 1. Calculate u(q).
-1
Let j(c) be the second derivative of -4*c**3/3 + 57*c**2/2 + 95*c. Let t be j(9). Let d(g) = g**3 + 16*g**2 + 14*g - 18. What is d(t)?
-3
Suppose 30*f + 12 = 7 + 65. Let z(w) = 6*w**3 - 2*w**2 + 3. Calculate z(f).
43
Let a(v) be the second derivative of -5*v**3/6 + 13*v**2/2 - 2475*v. Determine a(-1).
18
Let w(p) be the first derivative of 1/3*p**3 - 6*p**2 - 9 + 4*p. Give w(8).
-28
Let s = 293 - 222. Suppose 237 - 33 = -3*g. Let b = g + s. Let u(i) = i**3 - i**2 - 4*i - 1. Calculate u(b).
5
Suppose -3*p - 3*f + 21 = -6*p, -3*f + 9 = p. Let c(v) = -2*v**2 - 3428*v**3 - 1 + 3427*v**3 - 1 + 4 + 4*v. What is c(p)?
-1
Let d(p) = -88*p - 99. Let o(c) = -38*c - 48. Let f(x) = 3*d(x) - 7*o(x). Determine f(-14).
11
Let q(s) = -4*s**2 - 4 + 60*s**3 - 62*s**3 - 26379*s + 26384*s. Determine q(-4).
40
Let y(r) = 5*r**2 + r - 1. Let h be y(-1). Let d(v) = -h + 83*v**3 - 82*v**3 - 3 + 5 - v. What is d(-2)?
-7
Let g(v) = -v**3 - 7*v**2 + 7*v - 1. Suppose -4*f - 3*k - 47 = 0, 90*f - 88*f - 2*k + 6 = 0. Determine g(f).
7
Let z(n) = -3*n - 5. Let j(a) = -a**2 - 13*a - 22. Let b be j(-7). Suppose -b*p - 52 + 152 = 0. What is z(p)?
-20
Let k(v) = -7*v**2 + 5*v + 39. Let a be k(-2). Let x(m) = 11*m - 20. What is x(a)?
-9
Let y(g) = 5*g**3 + 10*g - 3*g**3 - 9*g**2 - 3*g**3. Let a be (-14 - 102/(-8))/(6/48). Calculate y(a).
0
Let v = -26 - -27. Let m(i) = 12*i + 3. Let w(d) = -d - 1. Let t(p) = -m(p) - 4*w(p). Let c(x) = -8*x + 1. Let u(o) = -3*c(o) + 4*t(o). Determine u(v).
-7
Let c(v) = -5*v**3 - 88*v**2 - 48*v + 53. Let i be c(-17). Let s(u) = -3*u**3 + u**2 + u - 4. Determine s(i).
-22
Let b(u) be the second derivative of u**4/8 - 3*u**3/2 - 65*u**2/2 - 57*u. Let x(n) be the first derivative of b(n). What is x(4)?
3
Suppose 0 = -821*w + 832*w + 44. Let p(a) = 7*a + 5. Calculate p(w).
-23
Let m(z) be the third derivative of z**6/120 - z**5/20 - z**4/6 - 4*z**3/3 - 3*z**2 - 59. What is m(5)?
22
Let m(x) be the second derivative of x**5/120 - x**4/24 + 4*x**3/3 - 2*x**2 - x + 9. Let b(n) be the second derivative of m(n). Calculate b(0).
-1
Let b(h) = h**3 + 5*h**2 - 9*h - 2. Let o(c) = c + 11. Let j be o(7). Suppose -j*a + 100 = -13*a. Suppose 2*w = 4*g - a, w + 0*w - 5*g = -16. Give b(w).
16
Let t(b) = 4*b**2 + 7*b + 6. Let i(x) = 3*x**2 + 7*x + 5. Let a(c) = -3*i(c) + 2*t(c). Suppose -161*u + 28*u = 665. Determine a(u).
7
Let s(x) = 16*x**3 + 2*x**2 + 4*x - 3. Let d(u) = -u**2 + 9*u + 91. Let i be d(-6). Give s(i).
19
Suppose 20 = 5*c - 3*i, 2*c = -4*i + 200 - 192. Let l(d) = 2*d**3 - 7*d**2 - 2*d - 6. Give l(c).
2
Let p(q) = 4*q**3 + 51*q**2 - 11*q + 28. Let b 